e prime factors of t.
13
Suppose -2*q = 2*q. Suppose q = -2*c + 15 + 27. List the prime factors of c.
3, 7
Let y(g) = -g**2 + 12*g - 5. Let i be y(10). Suppose 4*f = m + 4, 2*f - 1 = 4*m + i. What are the prime factors of (1/1 - f)*11?
11
Let d(w) = -6*w**2 - 7 + w**3 - 7*w + 1 - 2*w**3 + 0*w**3. List the prime factors of d(-5).
2
Let g(u) = -17*u - 25. What are the prime factors of g(-10)?
5, 29
Let d = 20 - -7. Suppose d = 4*r - 2*z - 23, 4*z = 3*r - 40. What are the prime factors of r?
2, 3
Let o(r) = 2*r + 78. What are the prime factors of o(0)?
2, 3, 13
Suppose -2*i = i - 30. Suppose 4*j + 2 = -i. What are the prime factors of 3 + j + 42/2?
3, 7
Suppose -o = -3*k - 2*o - 24, -5*k = o + 40. List the prime factors of (-2)/k*(13 + 63).
19
Suppose -14 - 1 = -5*z. Suppose -93 = -z*x - 0*x. List the prime factors of x.
31
Let d(f) = f + 65. Let o be d(0). Suppose 4*v + v + 25 = 0, 5*b + v = o. What are the prime factors of b?
2, 7
Let j(n) = -14*n**3 + 0*n**2 - 5*n - 2*n**2 + 15*n**3 + 3. What are the prime factors of j(4)?
3, 5
Let m = 25 + -47. Let t = m + 6. What are the prime factors of (52/t)/(2/(-8))?
13
Let r = 54 + -21. What are the prime factors of r?
3, 11
What are the prime factors of ((-86)/(-6) + 1)*(-75)/(-10)?
5, 23
Let f = 6 + -6. Suppose j - h + 20 = 4*h, j - h = f. Suppose m + 5 = j*g + 35, -30 = -3*m + 3*g. List the prime factors of m.
5
Suppose 5*l - 7*f = -2*f + 205, 2*f - 8 = 0. Suppose h + l = 6*h. What are the prime factors of h?
3
Let l(y) = 65*y**2 + y + 1. List the prime factors of l(-1).
5, 13
Suppose -4*x = -h - 984, -2*x + h - 251 = -3*x. List the prime factors of x.
13, 19
Let r = -25 + 105. What are the prime factors of r?
2, 5
Suppose 3*n = n + 16. Let i = 17 - n. List the prime factors of i.
3
Suppose -3*t - 4*g + 0*g = -101, 0 = 2*t + g - 74. What are the prime factors of t?
3, 13
Let z(p) = -p**3 - 8*p**2 - 6*p + 6. Let r be z(-7). Let s = 1 + r. Suppose s = -4*w + w + 12. What are the prime factors of w?
2
Suppose -4*i + 13 = -7. Suppose -x - 49 = -i*f, -3*f - 4*x = -9 - 2. List the prime factors of f.
3
Suppose 0*s = -s - 2*w + 44, 2*w + 280 = 5*s. List the prime factors of (-2 - -2) + s/2.
3
Let l be ((-1)/(-3))/(8/72). What are the prime factors of l - (2 - 11 - 2)?
2, 7
Let c be (-5)/(-5) + (-4)/(-2). Suppose -z + c*h = -3*z + 25, -5*h = 5*z - 50. Let s = 9 + z. List the prime factors of s.
2, 7
Suppose 4*s - s - 27 = 0. Suppose 2*w - 5 = 5*r - w, w - s = -2*r. Suppose -2*p = r*p - 8. What are the prime factors of p?
2
Let z(k) = -k**3 - 17*k**2 - 5*k + 16. List the prime factors of z(-17).
101
Let p = -171 + 358. What are the prime factors of p?
11, 17
Let d be 19/((-1)/2*-1). Suppose 3*y - y - d = 0. Suppose -5 = -2*k + y. What are the prime factors of k?
2, 3
Suppose -42 = -3*t + 63. List the prime factors of t.
5, 7
Suppose 5*t - 49 = h, -t - 7 = 3*h - 4. Suppose f = t - 2. List the prime factors of f.
7
Let g = 5 - 3. List the prime factors of g.
2
Let u(q) = 4*q**3 - 4*q - 6 - 8*q**2 + 3*q**2 - 3*q**3. Let t(p) = 2*p**2 - 10*p + 6. Let a be t(5). What are the prime factors of u(a)?
2, 3
Let t(k) = -k**3 + 13*k**2 + 3*k. List the prime factors of t(9).
3, 13
Let j(k) = k**2 + 4*k + 5. Let m(h) = -5*h**2 - 17*h - 20. Let c(t) = -9*j(t) - 2*m(t). What are the prime factors of c(4)?
3
Let t(x) = 49*x**2 - x - 1. List the prime factors of t(1).
47
Let g(q) = 10 - 5*q - 13 - q**2 + 2*q**2. List the prime factors of g(-3).
3, 7
Let h(l) = -68*l - 2. List the prime factors of h(-2).
2, 67
Let g = -8 - -2. Let q(z) = -3*z - 3. Let p(i) = 10*i + 9. Let v(t) = 4*p(t) + 14*q(t). List the prime factors of v(g).
2, 3
Suppose 5*x - 10 = 5. Suppose -5*h - 8 = w, -x*w + 2*h + 2 = -4*w. List the prime factors of ((-2)/(-4))/(w/16).
2
Let d(o) be the second derivative of -o**4/12 - o**3 - o**2/2 - 2*o. List the prime factors of d(-3).
2
Suppose -10 = u - 0*u. Let d(j) = -j**2 - 11*j - 7. What are the prime factors of d(u)?
3
Let o(b) be the second derivative of -b**4/12 + b**3 - b**2/2 + b. Let m be o(5). Suppose p + m*p = 45. What are the prime factors of p?
3
Suppose 3*n + 0*n - 123 = 0. Let m = -25 + n. What are the prime factors of m?
2
Suppose 4*i = 94 + 46. Let k be i/4 - 18/24. Let z(l) = l**2 - 8*l + 7. What are the prime factors of z(k)?
7
Let c = 448 + -269. What are the prime factors of c?
179
Let f = 179 + -122. What are the prime factors of f?
3, 19
Let w(j) = 16*j**3 + 0*j + 2*j - 3*j. What are the prime factors of w(1)?
3, 5
Suppose 3*d - 51 = 9. Suppose 0*n = 4*n - d. Suppose -16 = k - n*k. What are the prime factors of k?
2
Let t(q) = -2*q + 2. What are the prime factors of t(-12)?
2, 13
Let u = 62 - 34. List the prime factors of u.
2, 7
Suppose -4*y + 3*c = -749 - 70, 0 = y + 5*c - 222. List the prime factors of y.
3, 23
Let k = -13 + 29. List the prime factors of k.
2
Let p be 0/6*(-1)/(-3). Let d = p + 15. What are the prime factors of d?
3, 5
Let r = 3 + 0. Let u = 0 + r. Suppose -5*o = -n + 12 + 16, -24 = -u*n - 5*o. What are the prime factors of n?
13
Let x(k) = -k**3 - 6*k**2 - 7*k - 5. Let i be x(-5). Suppose -4*a = 3*c - 36, i*a - c - 2*c - 45 = 0. List the prime factors of a.
3
Suppose 3*i + 0*i - 4*t = 16, -3*i + 15 = -3*t. What are the prime factors of 1208/32 + 1/i?
2, 19
Let p(u) = -4*u + 3. Let k(h) = 17*h - 11. Let x = -4 - -2. Let l(b) = x*k(b) - 9*p(b). List the prime factors of l(7).
3
Let s(g) = -g**3 - g**2 + g + 2. Let u be s(0). Suppose 13 = u*q - 3*o - 17, -88 = -5*q + o. Suppose 0 = -5*x - q + 128. What are the prime factors of x?
2, 11
Let l(w) = 4*w + 5. Let i(c) = -13*c - 16. Let q(m) = -2*i(m) - 7*l(m). Let d(u) = 4*u + 1. Let v be d(-1). What are the prime factors of q(v)?
3
Let k(z) = -z - 7. Let r be k(-7). Suppose -5*v = -4*v. Suppose -2*q + 10 + r = v. List the prime factors of q.
5
Let u(b) = -2*b + 1. Let j be u(-7). Suppose -j = 4*y - 7*y. What are the prime factors of y?
5
Let b = 30 - -53. What are the prime factors of b?
83
Let c = 325 - 153. What are the prime factors of c?
2, 43
Suppose 6*u - 7*u + 5 = 0. Suppose t + 75 = 2*t - u*h, 0 = 3*t + 3*h - 135. What are the prime factors of t?
2, 5
Suppose -h = h + 48. List the prime factors of (-500)/h - (-1)/6.
3, 7
Let z be 6*(-2)/(-4) - 0. Suppose z*o = -2*o + 170. Let i = -22 + o. List the prime factors of i.
2, 3
Suppose 3*d - 1 = 8. List the prime factors of d.
3
Suppose 2*h = s - 3, 0 = 3*s - 1 + 4. Let w(o) = 3*o**2 + 4*o + 3. Let j be w(h). Suppose 4*f = 9 + j. What are the prime factors of f?
2
Suppose -2*d = 5*s - 4*s - 2, -s - 4*d = 2. Suppose -5*w + 3*w + s = 0. Suppose 3*z - w - 15 = 0. List the prime factors of z.
2, 3
Let j = 10 + -6. Suppose -3*u + 24 = j*f + f, 5*f = 0. List the prime factors of u.
2
Let p be (-828)/(-60) + (-8)/10. Let o(z) = -z**2 + 16*z - 12. What are the prime factors of o(p)?
3
Let l(r) = r**2 + 8*r - 6. What are the prime factors of l(-9)?
3
Let t(u) = -u**3 + 10*u**2 - 9*u + 9. Let s be t(9). Let a = 23 - s. List the prime factors of a.
2, 7
Suppose 13 = 4*o + 5. Suppose 4*k - 60 = -o*q, -5*k = -2*q - 43 - 32. List the prime factors of k.
3, 5
Let j = -14 - -34. What are the prime factors of j?
2, 5
Suppose 115 = 3*h - 3*m + 2*m, -h + 41 = -3*m. List the prime factors of h.
2, 19
Suppose -5*x - 3*p = -48, -2*x + 2*p = 2*x - 34. List the prime factors of x.
3
Let c(j) = -j**3 - 4*j**2 - 3*j + 4. Suppose -5*w = -4*w - 6. Suppose d - 8 = a + w*d, -5*a = -4*d + 11. List the prime factors of c(a).
2
Suppose 5*d = 3*v - 18, -2*d + 3*v - 1 = 8. Let k be (-5)/d + (-1)/(-3). Suppose -2*j = 4*s - 25 + 1, k*s - 8 = -3*j. List the prime factors of s.
7
Let d(q) = 2*q. Let v be d(5). Let a(c) = c - 4. Let i be a(v). List the prime factors of -1*(-1 - i) - -2.
3
Let g be 38/8 - (-1)/4. What are the prime factors of 9*(-1 + -3 + g)?
3
Let z = 38 - 21. Suppose -2*v + z = -3*i - 26, 102 = 5*v - 2*i. What are the prime factors of v?
2, 5
Let f(b) = b**2 - 1. Let m be f(-2). Suppose m*x - 2*x - 5 = 5*s, 5 = -s + x. Suppose s = 2*d - 7*d - 3*v + 35, 28 = 4*d + 3*v. List the prime factors of d.
7
Suppose -468 = -9*l + 7*l. List the prime factors of l.
2, 3, 13
Let z(f) = -1. Let k(m) = m - 2. Let b(q) = -q**2 - 4*q - 1. Let l be b(-3). Let t(u) = l*z(u) - k(u). What are the prime factors of